ed by 15.
13
Calculate the remainder when 236 is divided by 99/(42/12*(-6)/(-14)).
38
Suppose -105 = 2*o - 33. Calculate the remainder when (-2)/((3/3)/(o/8)) is divided by 7.
2
Let t(r) = -2*r**3 - 2*r**2 - r - 5. Let s be t(-2). Suppose 622 + 48 = s*q. What is the remainder when q is divided by 27?
26
Suppose 4*a - 3*c = -9, -2*a + c + 0 = 5. Suppose -48 = -2*w + 3*j, w + 6*j - 33 = 3*j. Calculate the remainder when w is divided by 1/a + 46/3.
12
Suppose 6*n + 21 = 567. Calculate the remainder when 265 is divided by n.
83
Suppose -3*c = 2*c - 375. Suppose 5*t = 2*t + 57. Calculate the remainder when c is divided by t.
18
Let x(y) = -16*y + 20. Let a(m) = 8*m - 10. Let p(w) = 7*a(w) + 3*x(w). Let k = -61 + 68. What is the remainder when p(k) is divided by 16?
14
Let q(k) = k**3 - 12*k**2 + 12*k - 9. Let j be q(11). Suppose -4*w + j*o + 15 = -95, -93 = -3*w - 2*o. Calculate the remainder when 52 is divided by w.
23
Suppose -19*v = -13*v - 318. What is the remainder when v is divided by 49?
4
Let l = -876 + 884. Let o(g) = g**3 + 6*g**2 + g + 8. Calculate the remainder when l is divided by o(-6).
0
Let g = 626 - 593. Calculate the remainder when 68 is divided by g.
2
Let i = -331 + 335. Calculate the remainder when 18 is divided by i.
2
Let r = 132 - -3. Calculate the remainder when r is divided by 20.
15
Suppose 369 = -78*w + 87*w. What is the remainder when 1065 is divided by w?
40
Let r(h) be the third derivative of h**4/24 - 2*h**3/3 - 3*h**2. Let m be r(6). Let v(w) = 17*w - 3. Calculate the remainder when v(m) is divided by 11.
9
Let d(s) = -30*s - 503. What is the remainder when 13 is divided by d(-17)?
6
Let q = -2943 + 2971. Calculate the remainder when 447 is divided by q.
27
Suppose -3*b + 75 = 3*r - 2*b, 3*r = -5*b + 75. What is the remainder when r is divided by 12?
1
Let o(f) = 2*f**2 - 16*f + 35. Calculate the remainder when 74 is divided by o(7).
11
Suppose 113 + 32 = 5*l. Calculate the remainder when l is divided by (0 - (-595)/(-68))*-2 - (-1)/(-2).
12
Suppose 5*y - 24 = y. Suppose 2*z - y*z = -20. Suppose -o = -z*a - 6 - 11, a + 49 = 4*o. Calculate the remainder when o is divided by 5.
2
Let s = 34 - 5. Let g = s + -23. What is the remainder when 44 is divided by (g/5)/(9/120)?
12
Let n = 23 + 47. Suppose -4*r + 5*y + 35 = 0, -3*r + n = -0*r + 5*y. Calculate the remainder when 72 is divided by r.
12
Let m(j) = -10*j + 13. Let r be m(4). Calculate the remainder when 2735/45 + (-6)/r is divided by 21.
19
Suppose 11 = -x + 48. Suppose 4*p = 4*g + 8, -g = -0*g - 4*p + 8. Suppose -7*i + i + 120 = g. What is the remainder when x is divided by i?
17
Suppose 3*k + 233 = 2*a - 0*k, a - 113 = 5*k. Calculate the remainder when a is divided by 21.
13
Let q = -12 - -17. Let h = 2 + 0. Suppose 0 = h*l - 5*l + 42. What is the remainder when l is divided by q?
4
Suppose -3*u = -4*y - 22, 0 = -4*u - y - 2 + 6. Suppose -d - d = -4*f - 160, 4*d + u*f - 270 = 0. What is the remainder when d is divided by 18?
16
Let y(w) = -11*w - 6. Suppose 13 = -5*m - 12. What is the remainder when y(m) is divided by 25?
24
Suppose 5*h + 420 = 19*h. Suppose -68*o + h = -66*o. What is the remainder when 54 is divided by o?
9
Let m(j) = 3*j - 29. Let x be m(6). Let k(t) = -t**2 - 13*t + 21. What is the remainder when 170 is divided by k(x)?
41
Let p = -1004 + 1015. What is the remainder when 75 is divided by p?
9
Suppose 0*c = -3*c + 27. Suppose 4*v - 14 = -5*m, 4*v - 2 = 2*m - m. What is the remainder when 27 + 1 + -3 + v is divided by c?
8
Let x be 2 + -4 - 11/(-1). Suppose 0 = -5*t + x + 6. Suppose 7 - 19 = -4*n. What is the remainder when t is divided by n?
0
Let q(p) = p**3 + 28*p**2 + 55*p - 94. Calculate the remainder when q(-25) is divided by 10.
6
Suppose -55 - 57 = -8*j. Calculate the remainder when 150 is divided by j.
10
Let j(y) = -2*y**3 - 8*y**2 + 11*y + 9. Calculate the remainder when 130 is divided by j(-5).
2
Let n(l) = -l**3 - 8*l**2 + 5. Let k(s) = 3*s + 1. Let p be k(-3). Let r be n(p). Suppose -36 = r*v - 9*v. Calculate the remainder when v is divided by 5.
4
Suppose 0 = 4*h - 1926 + 1822. What is the remainder when 39 is divided by h?
13
Let t = -208 - -213. What is the remainder when 218 is divided by t?
3
Suppose 0 = -3*r + 15 - 0. Suppose -404 = i - r*i. Suppose -169 - i = -5*p. Calculate the remainder when p is divided by 14.
12
Let f be 1 + 2/((-2)/(-5)). Suppose f*o = o + 35. Calculate the remainder when 11 is divided by o.
4
Let a be 1240/(-12)*9*(-6)/45. Let b = a + -88. Calculate the remainder when 142 is divided by b.
34
Let d(w) = 2*w**2 - 16*w - 173. What is the remainder when d(-8) is divided by 81?
2
Suppose 0 = 5*r - 4*r + a + 2, 0 = -a + 3. Let c = 161 + -102. What is the remainder when c is divided by (-18)/(((-30)/(-4))/r)?
11
Suppose 18 = -2*m - 0. What is the remainder when (240/(-2280) - 1706/38)/(10/(-12)) is divided by 254/9 - (-2)/m?
26
Suppose 0 = 4*k + 6*f - f + 25, k - 5*f = 25. Let i(m) = m + 45. Calculate the remainder when i(k) is divided by 16.
13
Calculate the remainder when 173 is divided by -2 + 9 - (-10 + 6).
8
What is the remainder when 22 is divided by (7 + -15)*(11 - 5)/(-6)?
6
Let u(v) = v + 2. Let i be u(-2). Suppose i*x + 3 = x. Suppose -n + x*n - 22 = 0. What is the remainder when 31 is divided by n?
9
Suppose -35*c - 104 = -61*c. Calculate the remainder when (-2)/3*-9 + 2 is divided by c.
0
Suppose 3*o + 1 = -13*z + 14*z, -z + o + 9 = 0. Suppose -5*r - 355 = -5*i, -91 = -2*i + i - 4*r. Let g = 138 - i. What is the remainder when g is divided by z?
11
Suppose 12*r - 17*r = -5, 0 = -3*y - 2*r - 25. Let l = 7 + -2. Calculate the remainder when (2/1)/((-1183)/133 - y) is divided by l.
4
Suppose 0 = -3*b + g + 122, 5*b = -g - 86 + 276. Suppose t = -4*i + 80, -80 = -4*i - 2*t - 2*t. What is the remainder when b is divided by i?
19
Suppose -3*p - 3*i + 105 = 0, -4*p + 8*i + 95 = 3*i. Calculate the remainder when p is divided by 17/(-1)*(0 + -1).
13
Let m(l) = -232*l**3 - 16*l**2 - 5*l - 3. What is the remainder when m(-2) is divided by 20?
19
Let v(r) = r - 5. Let o be v(11). Suppose 0 = 2*u - 11 - 5. What is the remainder when (55/5)/(3/o) is divided by u?
6
Suppose 4*y = -f - f + 16, 0 = y + 4*f + 10. What is the remainder when 10 is divided by y?
4
Suppose -1 = -2*h + 27. Suppose -70 = 2*r - 7*r. Let i = 67 - r. What is the remainder when i is divided by h?
11
Let v(k) = -2*k**3 + k**2 - k + 1. Let l be v(1). Let t = 28 - l. Calculate the remainder when 82 is divided by t.
24
Let d(o) = o**2 - o + 52. Let w = 4 + 0. Let k(z) = z**3 - 3*z**2 + 2*z - 6. What is the remainder when d(0) is divided by k(w)?
16
Calculate the remainder when 240/45 + -6 - (-8906)/3 is divided by 18.
16
Let o(d) = -d**2 - 14*d + 10. What is the remainder when 201 is divided by o(-12)?
31
Suppose 2*a - 10 = -4*k, -3*a - 3 = 3*k - 6. Calculate the remainder when 62 is divided by k.
2
Let d be 9*(-2)/(-4)*(-2)/(-3). Suppose 0 = 2*w - 2, 5*m - d*w = 7*m - 185. What is the remainder when m is divided by (1 + -24)*3/(-3)?
22
Suppose -5*c + 2*y = -143, 24*c + 2*y - 100 = 20*c. Calculate the remainder when 228/10*20/6 is divided by c.
22
Let o(q) = -q**2 + 5*q + 18. Suppose -5*u + 69 = 9. Suppose 2*z - u = -0*z. Calculate the remainder when 58 is divided by o(z).
10
What is the remainder when (4/12 + 1)*6 is divided by 8?
0
Suppose -18 = -o - o. Suppose 2*x - a = 18 + 6, 4*a + 48 = 4*x. Calculate the remainder when x is divided by (-1 + (-20)/(-15))*o.
0
Suppose 6*l - 12 = 3*l. Suppose -4*g + 123 = 5*r, 7*r - 6*r - 255 = -8*g. Calculate the remainder when g is divided by l.
0
Suppose 0*b - 3*n + 136 = -4*b, 0 = -5*n. Let t = -26 - b. Let p = 9 + 6. Calculate the remainder when p is divided by t.
7
Calculate the remainder when (972/45)/((-64)/(-20) + -3) is divided by 22.
20
Suppose 2*c + 134 = 4*m - 90, m + c - 53 = 0. What is the remainder when m is divided by 14?
13
Let s be 2 - (-3 + 4)*-1. Suppose 18 = z - s. Let g(t) = -t**2 + 14*t - 7. Calculate the remainder when g(6) is divided by z.
20
Let h = 56 + -2. Suppose -4*a + h = -a. Suppose 12 = -3*z, -b - 5*z - 7 = 9. Calculate the remainder when a is divided by b.
2
Let a(v) = v**2 - v + 117. Let s be (-805)/(-25) + 8/10. Suppose 4*q - 153 + s = 0. What is the remainder when a(